 - 6. Calculate d(4).
10
Let m(j) = -j**3 + 7*j**2 + j - 5. Give m(7).
2
Let u(x) = 6*x**3 - x**2 + 2*x. Give u(-2).
-56
Let i(v) = 3*v**2 - 21. Determine i(5).
54
Let v(u) = -4*u**2 - 32*u + 38. Determine v(-10).
-42
Let j(d) = -28*d**3 - d. What is j(1)?
-29
Let h(s) = s**3 - 8*s**2 - 3*s + 9. Determine h(8).
-15
Let b(r) = r**2 - 8*r + 4. What is b(6)?
-8
Let w(x) = x**3 - 9*x**2 + x - 2. Determine w(9).
7
Let b(t) = 7*t**2 + t - 1. Determine b(1).
7
Let z(l) = 9*l + 3. Calculate z(-6).
-51
Let h(r) = r**3 + 9*r**2 + 19*r + 75. Calculate h(-8).
-13
Let q(d) = -d**2 + 2*d + 44. What is q(0)?
44
Let y(z) = z**3 + 7*z - 10. Calculate y(0).
-10
Let h(c) = 25*c - 159. What is h(7)?
16
Let o(h) = h**3 - 3*h**2 - 6*h + 3. What is o(5)?
23
Let w(d) = -3*d - 24. Determine w(-14).
18
Let w(i) = -i - 7. Give w(-11).
4
Let i(t) = -t**3 - 8*t**2 + 5*t - 23. Determine i(-9).
13
Let m(l) = 6*l**2 - 29*l - 3. Give m(5).
2
Let m(b) = 28*b**3 - 5*b**2 - 2*b + 2. What is m(-1)?
-29
Let j(m) = m**2 - 10*m. Give j(8).
-16
Let l(k) = k**2 + 4*k + 2. Give l(-5).
7
Let s(t) = 5*t + 49. Give s(-11).
-6
Let f(y) = 3*y**2 + 6*y - 16. Calculate f(2).
8
Let n(i) = i**2 - 18*i + 16. What is n(17)?
-1
Let t(i) = -26*i**3 + 2*i**2 - 1. Give t(-1).
27
Let q(h) = -3*h + 73. Calculate q(26).
-5
Let i(z) = z**3 - 14*z**2 - 16*z + 7. Calculate i(15).
-8
Let t(m) = 17*m + 7. Determine t(5).
92
Let a(t) = t**3 - 5*t**2 - 6*t + 20. Calculate a(5).
-10
Let a(s) = 4*s - 5. Determine a(-5).
-25
Let v(b) = 8*b - 42. Calculate v(5).
-2
Let q(d) = -d**2 + 20*d - 9. Calculate q(12).
87
Let i(v) = -17*v**3 - 2*v**2 + 1. Calculate i(-1).
16
Let i(o) = 4*o**3 - o**2 + 4*o + 5. What is i(-2)?
-39
Let w(u) = -u**2 - u + 3. Determine w(4).
-17
Let y(r) = -r**2 + 7*r - 12. Calculate y(6).
-6
Let a(g) = g. Give a(9).
9
Let q(p) = 4*p + 49. Give q(-10).
9
Let l(d) = -d**2 + 17*d + 12. Determine l(17).
12
Let q(k) = k**2 + 3*k - 10. Calculate q(-8).
30
Let f(s) = 15*s + 7. Give f(-1).
-8
Let h(n) = n**3 + n**2 - n + 15. Determine h(0).
15
Let z(u) = -5*u - 4. Calculate z(3).
-19
Let g(n) = -n**3 - 10*n**2 + 11*n + 2. Give g(-11).
2
Let s(u) = -u**3 + 8*u**2 + 3*u - 5. Give s(9).
-59
Let w(r) = r**2 - 4*r - 6. Calculate w(5).
-1
Let c(s) = s**3 + 12*s**2 + 17*s - 33. What is c(-10)?
-3
Let w(c) = -c**3 + 4*c**2 + 6*c - 2. Give w(4).
22
Let a(i) = -2*i**2 - 21*i - 74. What is a(-7)?
-25
Let x(j) = -j**2 - 18*j - 20. What is x(-17)?
-3
Let f(x) = x**2 + 12*x - 14. Determine f(-11).
-25
Let i(c) = c**2 + 14*c + 5. What is i(-13)?
-8
Let x(w) = w + 46. Calculate x(6).
52
Let y(b) = -2*b - 18. Determine y(-12).
6
Let a(v) = 2*v**2 - 3*v - 23. Calculate a(5).
12
Let l(w) = -7*w + 255. Give l(33).
24
Let x(r) = -7*r - 1. Calculate x(1).
-8
Let m(q) = 12*q + 40. What is m(0)?
40
Let t(x) = x**3 + 5*x**2 + 2*x + 5. What is t(-5)?
-5
Let s(z) = z - 3. What is s(9)?
6
Let p(k) = 3*k - 11. Determine p(5).
4
Let j(t) = t**3 + 8*t**2 + 4*t + 1. Determine j(-8).
-31
Let g(x) = -5*x + 23. Calculate g(6).
-7
Let p(u) = -u**2 + u + 32. Determine p(6).
2
Let u(m) = m**3 + 11*m**2 + 10*m - 1. Calculate u(-10).
-1
Let c(a) = -a**3 - 9*a**2 - 4*a + 4. Give c(-8).
-28
Let w(m) = m. Give w(7).
7
Let h(l) = l**2 + 6*l - 5. What is h(-7)?
2
Let y(j) = j**3 + 8*j**2 + 2*j - 3. What is y(-7)?
32
Let m(p) = p**3 - p**2 + p + 24. What is m(0)?
24
Let w(h) = h**3 - 10*h**2 + 13*h + 9. Determine w(10).
139
Let d(g) = -g**2 - 26*g + 91. Calculate d(-29).
4
Let g(p) = -p**2 + 20*p - 4. Give g(14).
80
Let j(q) = -10*q + 143. Calculate j(14).
3
Let a(z) = -10*z - 7. Determine a(-5).
43
Let v(l) = 21*l**2 + 4*l - 6. What is v(2)?
86
Let l(m) = -m**2 + 2*m + 1. Determine l(5).
-14
Let y(t) = -6*t**2 + t - 1. Determine y(2).
-23
Let h(p) = 5*p**2 + 2*p - 2. Determine h(1).
5
Let r(i) = 2*i**2 - 10*i - 13. Calculate r(6).
-1
Let o(i) = i**3 + 23*i**2 + 24*i + 50. Determine o(-22).
6
Let i(z) = -3*z - 5. Determine i(-3).
4
Let u(w) = w**3 - 11*w**2 + 2*w. Calculate u(5).
-140
Let u(l) = -l**3 - l**2 + 10. Calculate u(0).
10
Let p(k) = 5*k + 13. Calculate p(-3).
-2
Let f(b) = -b**2 - 16*b + 13. What is f(-17)?
-4
Let j(u) = u**3 + 6*u**2 + 4*u + 2. What is j(-2)?
10
Let h(k) = k**3 + 5*k**2 - 2*k - 2. Give h(-5).
8
Let q(a) = a**3 + 11*a**2 - 27*a - 10. Determine q(-13).
3
Let h(v) = 10*v + 54. Give h(-5).
4
Let g(m) = -5*m - 18. What is g(18)?
-108
Let q(p) = -p**3 + 5*p**2 + 3*p. Give q(5).
15
Let n(y) = -y**2 + 4*y + 1. Calculate n(4).
1
Let f(k) = k**2 + 13*k + 1. Determine f(-12).
-11
Let r(s) = -s**2 - 22*s - 24. What is r(-24)?
-72
Let x(k) = -k**2 + 7. What is x(0)?
7
Let k(y) = -y**2 + 23*y - 71. Determine k(19).
5
Let u(r) = -r**2 - 7*r + 172. Give u(-16).
28
Let d(i) = i**2 - 2*i - 6. Determine d(5).
9
Let m(s) = 4*s**2 + 29*s + 1. Give m(-7).
-6
Let w(q) = -q**3 - 4*q**2 - 10*q - 22. Determine w(-4).
18
Let i(f) = f**2 - 2*f + 3. Calculate i(5).
18
Let t(g) = -g - 1. Determine t(5).
-6
Let g(k) = -21*k + 3. Give g(-1).
24
Let a(u) = u - 19. Determine a(22).
3
Let q(m) = m**3 - 3*m**2 - 3*m + 17. Give q(0).
17
Let f(q) = q**2 - 7*q - 10. Determine f(8).
-2
Let i(h) = -h**2 + h + 6. What is i(-3)?
-6
Let j(i) = 27*i**2 - 487*i + 27. Calculate j(18).
9
Let h(r) = -r**2 - 9*r - 13. What is h(-9)?
-13
Let o(i) = -i**3 + 19*i**2 + 22*i - 37. What is o(20)?
3
Let y(z) = 32*z**2 + 2*z + 1. What is y(-1)?
31
Let u(i) = 6*i**2 + 13*i + 4. Give u(-3).
19
Let x(g) = 24*g**2 - 2*g. Give x(-1).
26
Let o(f) = f**2 + f - 8. What is o(2)?
-2
Let s(a) = -a**2 + 3*a - 4. Calculate s(-5).
-44
Let i(c) = 3*c + 20. Determine i(11).
53
Let v(h) = -h**3 + 13*h**2 - 38*h - 7. Determine v(6).
17
Let s(h) = h**2 - 4*h + 7. What is s(6)?
19
Let z(o) = -8*o + 60. Calculate z(12).
-36
Let k(m) = -m**3 - 5*m**2 - 8*m - 32. Give k(-3).
-26
Let s(h) = h**2 - 7*h - 2. Determine s(6).
-8
Let t(l) = -l**3 + 6*l**2 + 27*l - 1. Determine t(-3).
-1
Let g(z) = 2*z**2 - 3*z - 7. Give g(3).
2
Let n(k) = k**2 - 27*k + 39. What is n(25)?
-11
Let s(j) = 16*j**2 + 1. Determine s(-1).
17
Let u(a) = -2*a**2 + 6*a - 4. Calculate u(4).
-12
Let a(z) = -z**3 - 2*z**2 - 3. Give a(-3).
6
Let r(m) = -3*m + 13. Determine r(9).
-14
Let x(w) = -w**3 + 12*w**2 - 21*w - 8. Determine x(10).
-18
Let m(d) = -2*d**3 + 23*d**2 - 17*d + 73. Give m(11).
7
Let h(a) = 13*a - 37. Calculate h(4).
15
Let a(d) = -20*d**2 - 3*d - 4. Determine a(-1).
-21
Let f(d) = -2*d**3 - 3*d**2 - d + 2. Calculate f(1).
-4
Let p(w) = w**3 + 11*w**2 + 23*w + 23. Calculate p(-10).
-107
Let u(r) = r**2 - 18*r + 45. Calculate u(13).
-20
Let z(t) = t + 2. Give z(-13).
-11
Let o(y) = -6*y + 4. What is o(2)?
-8
Let j(k) = -2*k**2 - 33*k - 114. What is j(-6)?
12
Let x(u) = -3*u. Determine x(2).
-6
Let f(n) = n**3 - 28*n**2 + 30*n - 76. Calculate f(27).
5
Let k(b) = -b**2 + 2*b + 2. Calculate k(-4).
-22
Let v(u) = 33*u + 9. Determine v(-2).
-57
Let j(h) = 6*h - 3. Determine j(3).
15
Let m(g) = -g**3 - g**2 - g + 27. What is m(0)?
27
Let n(r) = 4*r**2 - 32*r + 31. Calculate n(1).
3
Let p(k) = -k**2 + k - 8. What is p(0)?
-8
Let x(o) = -o + 14. What is x(6)?
8
Let r(u) = -u**3 - 9*u**2 + 20*u - 8. Give r(-11).
14
Let v(o) = -o**3 - 7*o**2 - 8*o. What is v(-5)?
-10
Let n(f) = f**3 - 29*f + 8. Determine n(5).
-12
Let i(k) = k**3 + 26*k**2 - 86*k - 4. Determine i(3).
-1
Let i(w) = -w**3 - 12*w**2 + 33*w + 64. Give i(-14).
-6
Let m(t) = 6*t + 124. Calculate m(-23).
-14
Let d(p) = 8*p + 13. Determine d(-7).
-43
Let g(v) = v**2 - 24*v - 6. Give g(24).
-6
Let l(v) = v**2 + 21*v - 20. What is l(-21)?
-20
Let m(w) = -3*w - 7. Determine m(6).
-25
Let x(v) = -5*v - 6. What is x(-7)?
29
Let v(h) = -4*h - 37. Determine v(-7).
-9
Let b(s) = -36*s - 364. What is b(-10)?
-4
Let j(x) = 2*x + 57. Give j(-14).
29
Let g(q) = -q**3 + q**2 + 2*q. What is g(2)?
0
Let v(h) = -h**3 + h**2 + 9*h - 13. Determine v(3).
-4
Let j(r) = 10*r**2 + 34*r - 9. Determine j(-4).
15
Let f(t) = -t**3 - 9*t**2 - 4. Calculate f(-9).
-4
Let i(v) = -v**2 - 7*v - 5. What is i(-7)?
-5
Let k(w) = -4*w - 17. Give k(9).
-53
Let g(m) = m**2 - 5. What is g(-4)?
11
Let c(p) = p**3 + p**2 - p - 22. Give c(0).
-22
Let g(a) = 6*a + 346. Calculate g(-53).
28
Let p(u) = 15*u + 293. Calculate p(-17).
38
Let t(a) = 13*a - 16. Determine t(2).
10
Let d(r) = -15*r**2 + r - 1. Calc